770928623 composite?
True
Is 65363085983 a prime number?
False
Is 49119661391 a composite number?
True
Is 1496143007 a prime number?
True
Is 1336337539 composite?
False
Is 203444917 a prime number?
False
Is 321286327 prime?
True
Is 22373810269 composite?
True
Is 191925947 prime?
False
Is 17915595043 prime?
True
Is 2131793981 prime?
True
Is 800253445 composite?
True
Is 130994269363 a prime number?
False
Is 40100624657 a composite number?
True
Is 1449538147 prime?
True
Is 3848895307 a composite number?
False
Is 1258079123 a composite number?
True
Is 79915852199 a composite number?
False
Is 668522887 composite?
False
Is 37245239237 a prime number?
True
Is 892753651 a prime number?
False
Is 1131439489 prime?
False
Is 178974833 composite?
True
Is 5035716989 a composite number?
False
Is 280968463 composite?
True
Is 60485320111 a composite number?
False
Is 2094753982 a prime number?
False
Is 401389837 a composite number?
False
Is 2946403555 prime?
False
Is 68696867633 composite?
False
Is 29597006807 prime?
True
Is 18871936331 composite?
False
Is 1432853249 prime?
True
Is 7163684521 composite?
True
Is 23120816141 a prime number?
False
Is 3925446979 a prime number?
False
Is 105193716967 prime?
False
Is 65712539549 a prime number?
False
Is 67116643547 a composite number?
False
Is 646269109 a prime number?
False
Is 762379567 a prime number?
False
Is 4607484547 a prime number?
True
Is 103894213873 composite?
False
Is 4318019677 a composite number?
False
Is 5102261237 a prime number?
False
Is 4822300079 a prime number?
True
Is 27733289 composite?
False
Is 7351785733 a composite number?
True
Is 452819953 a composite number?
True
Is 33623440577 prime?
True
Is 773634697 composite?
True
Is 2555436089 a composite number?
False
Is 566659969 prime?
False
Is 35981086549 composite?
False
Is 23704391 a prime number?
False
Is 45121967381 a prime number?
True
Is 4536992401 a prime number?
True
Is 1325442719 composite?
True
Is 13570142693 a prime number?
True
Is 1991758017 a composite number?
True
Is 172848461 prime?
False
Is 2339012069 a prime number?
False
Is 9786332551 prime?
True
Is 10328855891 a composite number?
False
Is 26805770337 a composite number?
True
Is 41863373215 a composite number?
True
Is 47989058387 a prime number?
True
Is 7652328511 a prime number?
True
Is 23503707431 prime?
True
Is 702157699 a composite number?
False
Is 1622378489 a composite number?
False
Is 276681631 prime?
False
Is 11296502011 a prime number?
True
Is 3669217171 a composite number?
False
Is 885800827 a composite number?
True
Is 1453819597 prime?
False
Is 411708811 composite?
False
Is 432994039 a prime number?
True
Is 753223901 a composite number?
False
Is 67715605459 a prime number?
True
Is 1897615495 a composite number?
True
Is 994726319 composite?
True
Is 10486100179 a composite number?
True
Is 180761477 a prime number?
False
Is 621836891 a composite number?
True
Is 20102048723 prime?
True
Is 2636965666 composite?
True
Is 2649389 a composite number?
True
Is 1971627865 prime?
False
Is 178046348981 prime?
False
Is 248280443 composite?
False
Is 1314686497 composite?
True
Is 1324830971 prime?
False
Is 9572822377 composite?
False
Is 842244919 prime?
False
Is 642773093 prime?
True
Is 8155072207 a composite number?
False
Is 4313539067 prime?
False
Is 1157798179 prime?
True
Is 3268863097 prime?
True
Is 1913249111 prime?
True
Is 49068026765 composite?
True
Is 155829857 prime?
False
Is 438603351 composite?
True
Is 687865001 a prime number?
True
Is 29950079 a prime number?
True
Is 168424237 a composite number?
True
Is 5858328451 composite?
False
Is 125919109 composite?
True
Is 10272247 a composite number?
False
Is 1479793741 prime?
True
Is 70661297 a composite number?
True
Is 620619973 a prime number?
True
Is 57365463781 a prime number?
False
Is 1006718263 prime?
False
Is 7077459043 a composite number?
True
Is 116439171799 a prime number?
False
Is 16754105201 a composite number?
False
Is 348563357 a prime number?
True
Is 132983546977 a prime number?
True
Is 16938205957 a prime number?
False
Is 1061446109 a composite number?
False
Is 6112883107 a composite number?
False
Is 218443039 composite?
True
Is 6201107461 a prime number?
True
Is 4548415549 prime?
False
Is 2532091147 a prime number?
True
Is 53222378537 a prime number?
False
Is 32612419313 prime?
True
Is 6062181767 a composite number?
True
Is 7519817927 composite?
True
Is 236638493713 a prime number?
True
Is 37632014873 prime?
False
Is 2054891523 a composite number?
True
Is 86516590939 a prime number?
True
Is 84006227 a prime number?
True
Is 27910277767 prime?
False
Is 4640745482 composite?
True
Is 15011407 a composite number?
False
Is 502360583 a composite number?
False
Is 1991940271 a composite number?
True
Is 2065595837 prime?
False
Is 1858568009 a prime number?
True
Is 1185451 composite?
True
Is 446484099 composite?
True
Is 8736576263 a composite number?
True
Is 6841610249 a composite number?
True
Is 219215756909 prime?
True
Is 1723725539 prime?
True
Is 1245760853 a composite number?
True
Is 4481416243 a composite number?
False
Is 21107966483 a prime number?
True
Is 838356529 a composite number?
True
Is 2346519347 prime?
False
Is 79096010459 a prime number?
True
Is 1748424739 prime?
True
Is 24741591083 a prime number?
False
Is 114669839353 prime?
False
Is 501139343 prime?
False
Is 3359242673 a prime number?
False
Is 22867150409 composite?
False
Is 112182703 a prime number?
True
Is 6153896237 a composite number?
False
Is 27176079279 prime?
False
Is 122758403323 composite?
False
Is 61764730879 a prime number?
True
Is 1922270993 a prime number?
True
Is 1824739297 prime?
False
Is 25879649393 prime?
False
Is 520437877 composite?
True
Is 30114569293 composite?
False
Is 178416578939 a composite number?
True
Is 47330419 composite?
False
Is 338327867 a prime number?
True
Is 7728299417 a prime number?
False
Is 6003626539 a prime number?
False
Is 98662217 a prime number?
True
Is 4935319 composite?
True
Is 2542306586 prime?
False
Is 115800733 composite?
True
Is 3668709899 composite?
False
Is 182473931533 a prime number?
False
Is 1743818237 composite?
True
Is 2035327589 composite?
False
Is 1364459171 composite?
True
Is 305366863 a prime number?
True
Is 261200629 prime?
True
Is 14592945457 a composite number?
False
Is 251133601 a prime number?
False
Is 12484691773 prime?
False
Is 428724201 a composite number?
True
Is 67459687531 a composite number?
True
Is 45557123057 a prime number?
False
Is 50528621903 prime?
False
Is 957088679 a prime number?
False
Is 22555398757 a prime number?
False
Is 7182924083 a prime number?
False
Is 9958024739 prime?
False
Is 116332930261 a composite number?
False
Is 91618539083 prime?
True
Is 122056296823 prime?
True
Is 18609765091 prime?
False
Is 57508230977 composite?
False
Is 210569243 a prime number?
False
Is 3223489781 a composite number?
True
Is 3580889503 a prime number?
False
Is 48272427857 a composite number?
False
Is 16036537259 prime?
True
Is 62490147007 composite?
True
Is 1444517359 prime?
False
Is 56688515903 composite?
False
Is 67773885721 a prime number?
False
Is 53385100949 composite?
True
Is 100082679209 prime?
True
Is 491076307 prime?
True
Is 9235098073 a prime number?
True
Is 40402754211 composite?
True
Is 245989327 composite?
True
Is 12164265979 a prime number?
True
Is 230912113 a composite number?
False
Is 7256149907 a composite number?
False
Is 26485364813 prime?
True
Is 800428453 composite?
True
Is 15012307613 a prime number?
False
Is 1694063935 a composite number?
True
Is 1992229 a prime number?
False
Is 6397374373 a prime number?
False
Is 19261523873 a prime number?
False
Is 258340267 a prime number?
False
Is 925766917 prime?
True
Is 11455333 composite?
True
Is 18469130437 composite?
True
Is 97636567967 a prime number?
True
Is 1194790657 a prime number?
False
Is 9336412993 a prime number?
True
Is 10240365221 a composite number?
False
Is 23272727 a prime number?
False
Is 132555453 prime?
False
Is 436292401 a composite number?
True
Is 1285424979 a prime number?
False
Is 29416935481 composite?
True
Is 35566130629 composite?
False
Is 1109048659 a prime number?
True
Is 2104385789 prime?
False
Is 2058780599 a prime number?
True
Is 133457962243 a composite number?
True
Is 103650619 a prime numbe